7 + 67925?
678dc
In base 8, what is 4743210 + -43?
4743145
In base 4, what is -2113 - 132213000?
-132221113
In base 8, what is -52321757 - 1?
-52321760
In base 9, what is -408533 + -123?
-408656
In base 5, what is 3110342410 - 12?
3110342343
In base 2, what is 10 + -1101000011111111010?
-1101000011111111000
In base 6, what is -214253 - 3240?
-221533
In base 13, what is 3 + 2ac462?
2ac465
In base 12, what is -17a335 - -39b?
-179b56
In base 5, what is -111 + 200303012?
200302401
In base 14, what is 1 - -11db76?
11db77
In base 11, what is 37 + 616370?
6163a7
In base 6, what is -321 - -1003101451?
1003101130
In base 5, what is 0 - -12203012?
12203012
In base 6, what is 224045 + 24?
224113
In base 14, what is 0 - aa023c?
-aa023c
In base 7, what is 16 - -32630201?
32630220
In base 9, what is -118368134 - -4?
-118368130
In base 12, what is b37 - 4260?
-3325
In base 14, what is 28b24 - -80?
28ba4
In base 9, what is 13 + 14454887?
14455011
In base 5, what is -144041 + 124002?
-20034
In base 16, what is -17dfd3 - 3?
-17dfd6
In base 7, what is -2431123 + -260?
-2431413
In base 10, what is 1013905 - -3?
1013908
In base 10, what is 4575139 + -4?
4575135
In base 2, what is -1010100000011011111 - -1100000?
-1010100000001111111
In base 16, what is 1b96 - -b916?
d4ac
In base 7, what is 24 - 4135164?
-4135140
In base 8, what is 446 - 1054651?
-1054203
In base 2, what is 10100101100000110001000 + 11?
10100101100000110001011
In base 11, what is 96 - 629086?
-628aa0
In base 14, what is -2 + 112b2?
112b0
In base 9, what is 72185 - -1512?
73707
In base 11, what is -8046 - -4936?
-3210
In base 11, what is 2 - -a653a?
a6541
In base 4, what is -10 - -3123233233?
3123233223
In base 12, what is 3 + -634169?
-634166
In base 9, what is 21544057 - 1?
21544056
In base 8, what is 5212260732 - -5?
5212260737
In base 11, what is 2 + -1759163?
-1759161
In base 4, what is 31013322 - -12121?
31032103
In base 9, what is -1677445 + -206?
-1677652
In base 8, what is 1 + -3601376?
-3601375
In base 16, what is 351de33 + -3?
351de30
In base 16, what is -c305b7 + -4?
-c305bb
In base 11, what is -25 - 156291?
-156306
In base 9, what is -34053824 + 2?
-34053822
In base 15, what is e5d33 - -8?
e5d3b
In base 2, what is -1101100010010111100 + 1111110?
-1101100010000111110
In base 7, what is -13130 - 33331?
-46461
In base 8, what is 4151544 - 0?
4151544
In base 8, what is 1430375 - 26?
1430347
In base 13, what is -a - -34829?
3481c
In base 10, what is -28264 - 607?
-28871
In base 13, what is 5 - 59ab700?
-59ab6c8
In base 14, what is -6 - -6930d?
69307
In base 15, what is 1635 - -169?
179e
In base 7, what is -413342321 + 3?
-413342315
In base 5, what is -2 + -122321324424?
-122321324431
In base 15, what is -6d3 + -31a7?
-388a
In base 9, what is -1 - -15585744?
15585743
In base 9, what is 2233613 + 0?
2233613
In base 12, what is -8 + 1b98605?
1b985b9
In base 6, what is -1 - -432442554?
432442553
In base 10, what is 125 - -67580?
67705
In base 3, what is -12 + -1202001121112220?
-1202001121120002
In base 5, what is 1114021 + 2220210?
3334231
In base 8, what is -142 + 5675667?
5675525
In base 5, what is 10401 - -3410203?
3421104
In base 11, what is -67 - 771429?
-771495
In base 11, what is -36019 - -40?
-35a89
In base 16, what is d799 - 1a9?
d5f0
In base 11, what is 2541a84 + -2?
2541a82
In base 4, what is 11020333013313 + 10?
11020333013323
In base 13, what is -3c4 + -77ac6?
-781ba
In base 7, what is -1124 + 110505?
106351
In base 14, what is 1 - 678a?
-6789
In base 14, what is 7 - 1b54373?
-1b5436a
In base 5, what is 0 + -2220302140?
-2220302140
In base 15, what is -5ca8e - d?
-5ca9c
In base 10, what is 367612 + 88?
367700
In base 11, what is -8 - -2a159734?
2a159727
In base 11, what is 2 - -113a797a?
113a7981
In base 10, what is 14 + 9626036?
9626050
In base 15, what is e - -1c9be7?
1c9c06
In base 11, what is -584 + 8645?
8071
In base 6, what is -11535124 - 32?
-11535200
In base 9, what is 11 - 152066424?
-152066413
In base 12, what is 5 + -57143702?
-571436b9
In base 5, what is -40021 - 321133?
-411204
In base 2, what is -100000011100110 + 1110111000101?
-10001100100001
In base 10, what is -159313 - -160?
-159153
In base 7, what is -22466 - -503152?
450353
In base 14, what is -79 - -32782?
32707
In base 7, what is 24132021 + 3?
24132024
In base 9, what is 2 + 31028464?
31028466
In base 12, what is 19a657 - b?
19a648
In base 11, what is 289278368 + 3?
289278370
In base 15, what is -5a03190 + -7?
-5a03197
In base 4, what is 101011033020 - -1?
101011033021
In base 14, what is 1c25115 - -1?
1c25116
In base 11, what is 12264 + 1a06?
1416a
In base 9, what is 4 - -13774745?
13774750
In base 5, what is -330221 - 11143322?
-12024043
In base 2, what is 11010100000111100001 - 1101?
11010100000111010100
In base 11, what is -2356842 + -8?
-235684a
In base 6, what is -153143 - -1505?
-151234
In base 3, what is 110010 + -100000121010?
-100000011000
In base 6, what is 2422514004 + -5?
2422513555
In base 4, what is 13033221303 - 13120?
13033202123
In base 5, what is -23123140222 + 10?
-23123140212
In base 16, what is -112 - 1494d?
-14a5f
In base 9, what is -131 + 20651261?
20651130
In base 15, what is -1190a17 - 1?
-1190a18
In base 9, what is -62156 + 841?
-61215
In base 15, what is 0 + -333142?
-333142
In base 15, what is d97432 + -3?
d9742e
In base 14, what is -2 + 32a68b?
32a689
In base 12, what is 9a55809 - 0?
9a55809
In base 5, what is 1240 - 1102411?
-1101121
In base 2, what is -11001110100111 - 1010110001100010?
-1110000000001001
In base 10, what is 3711251 + -2?
3711249
In base 12, what is -31a3a6 - 609?
-31a9b3
In base 13, what is -36 + -41615?
-4164b
In base 13, what is -4 - 4583128?
-458312c
In base 10, what is 58652 + -9?
58643
In base 8, what is 1101662 + 20?
1101702
In base 14, what is b - 365435d?
-3654352
In base 5, what is 4 + -40004313311?
-40004313302
In base 3, what is 1101 - -1001110010220001?
1001110010221102
In base 5, what is 2213034244 + -33?
2213034211
In base 12, what is 28818 + -1566?
27272
In base 5, what is -1403321 + 103143?
-1300123
In base 5, what is -42 + 1440423?
1440331
In base 13, what is 1a3240 - 22?
1a321b
In base 5, what is 33242 + -134403?
-101111
In base 12, what is -34 + 50643?
5060b
In base 15, what is 5 - 3bb4b61?
-3bb4b5b
In base 15, what is 7a672 + a3?
7a725
In base 6, what is -1 - -23430340141?
23430340140
In base 14, what is -2b6927 + -1d?
-2b6946
In base 6, what is -31520552 - -4?
-31520544
In base 5, what is 413 + -100402342?
-100401424
In base 6, what is -3304 - -23410503?
23403155
In base 10, what is -997396 + -52?
-997448
In base 5, what is 240001404 - -221?
240002130
In base 13, what is -336240 + ac?
-336161
In base 12, what is 14 + 26a9428?
26a9440
In base 2, what is -1001010110110100100 - -1010000?
-1001010110101010100
In base 12, what is 113843242 - 4?
11384323a
In base 15, what is 4 - 6a272be?
-6a272ba
In base 14, what is 6 - 16dc539?
-16dc533
In base 5, what is -12 + -22242203?
-22242220
In base 10, what is 29527881 - 9?
29527872
In base 16, what is 160bdfaa + -4?
160bdfa6
In base 7, what is -112631 + 22141?
-60460
In base 15, what is -5636681 - -1?
-5636680
In base 9, what is -185 - 244454?
-244650
In base 13, what is -579c - -159?
-5643
In base 3, what is -20112220 - -102110?
-20010110
In base 14, what is -141219d6 - 1?
-141219d7
In base 3, what is -21020 + 210220222121?
210220201101
In base 15, what is -2354 + 700?
-1b54
In base 4, what is 31103210 - -33200?
31203010
In base 12, what is 6 - 131278a4?
-1312789a
In base 4, what is 11322103031 + 123?
11322103220
In base 6, what is 154311 - 3120?
151151
In base 16, what is -2 + -e6de8f?
-e6de91
In base 13, what is a5941b + -2?
a59419
In base 14, what is 3 - -1a80a68?
1a80a6b
In base 9, what is -245 + 64074?
63728
In base 14, what is 1d4 + -27790?
-2759a
In base 10, what is 8889904 - 9?
8889895
In base 11, what is -aa929aa + -13?
-aa92a12
In base 5, what is -40320104 - -10031?
-40310023
In base 7, what is -26643 - -2022?
-24621
In base 16, what is -5 + -83737?
-8373c
In base 5, what is 1 - 2440312102?
-2440312101
In base 6, what is 25 + 10321253?
10321322
In base 16, what is e93b19 - -5?
e93b1e
In base 8, what is 5 - -107261022?
107261027
In base 9, what is -32686182 - 4?
-32686186
In base 3, what 